and 375822?
6
Calculate the highest common factor of 157399 and 11893222.
3839
What is the highest common factor of 906 and 37902?
6
Calculate the highest common factor of 390299 and 4095.
91
What is the highest common divisor of 353941 and 826?
413
Calculate the greatest common divisor of 15807 and 949971.
33
Calculate the greatest common factor of 2916 and 178462116.
2916
What is the highest common divisor of 44133 and 24957?
141
Calculate the greatest common divisor of 3626854 and 448.
14
Calculate the highest common factor of 889623 and 9681.
21
What is the greatest common factor of 26 and 70140538?
26
Calculate the highest common divisor of 25840 and 600457.
323
What is the greatest common divisor of 25 and 74605175?
25
What is the greatest common divisor of 43089720 and 1140?
1140
Calculate the greatest common divisor of 1415212 and 8588.
452
Calculate the highest common factor of 28214114 and 29982.
526
Calculate the greatest common factor of 852 and 817707.
213
Calculate the highest common divisor of 564824 and 72.
8
What is the greatest common factor of 2213 and 657?
1
What is the highest common factor of 961074 and 822?
6
Calculate the highest common factor of 39090363 and 117.
39
Calculate the greatest common factor of 16 and 41825072.
16
Calculate the highest common factor of 2937 and 7266468.
33
Calculate the highest common factor of 7082490 and 2956410.
9210
Calculate the greatest common divisor of 318 and 62457638.
106
What is the highest common factor of 210380370 and 30?
30
Calculate the greatest common factor of 40640 and 3140.
20
Calculate the highest common divisor of 1255423 and 8608.
269
What is the highest common divisor of 4516 and 41908?
4
What is the greatest common divisor of 3591395 and 287?
41
Calculate the highest common factor of 125 and 118627375.
125
Calculate the greatest common factor of 44825902 and 16093.
2299
What is the highest common factor of 354437968 and 16?
16
What is the highest common divisor of 3164013 and 5472?
171
Calculate the greatest common factor of 13312 and 5833728.
1024
Calculate the highest common factor of 13650215 and 151709.
719
What is the greatest common divisor of 289503 and 6156?
171
Calculate the highest common factor of 775 and 394940.
155
What is the greatest common divisor of 93695270 and 38?
38
Calculate the greatest common factor of 306 and 5835132.
18
What is the greatest common factor of 9186535 and 25?
5
Calculate the highest common factor of 11513204 and 229.
229
Calculate the highest common factor of 98344 and 19912.
152
What is the highest common divisor of 123071066 and 233?
233
What is the highest common divisor of 392 and 2409967?
49
What is the highest common factor of 18926784 and 4860?
972
Calculate the greatest common divisor of 2120685 and 738785.
5315
What is the greatest common factor of 722 and 1722?
2
Calculate the greatest common divisor of 10061030 and 12915.
35
What is the greatest common divisor of 98759612 and 56?
28
Calculate the highest common divisor of 24 and 31142856.
24
What is the greatest common divisor of 918049 and 1397?
11
What is the highest common factor of 28 and 13044514?
14
Calculate the greatest common factor of 56115388 and 287.
287
Calculate the highest common factor of 2 and 43159756.
2
Calculate the greatest common factor of 1936 and 21599468.
484
Calculate the highest common divisor of 2873 and 388688.
17
Calculate the greatest common factor of 1872518144 and 4288.
4288
What is the greatest common factor of 16984 and 30866104?
1544
What is the highest common factor of 3084 and 9821769?
771
Calculate the greatest common factor of 26265665 and 3274.
1637
What is the greatest common divisor of 8973094 and 9195?
613
Calculate the highest common factor of 6 and 452136.
6
What is the highest common divisor of 930 and 56490?
30
Calculate the highest common divisor of 96532 and 15448.
4
Calculate the greatest common divisor of 8453423 and 535667.
2299
Calculate the highest common factor of 6080550 and 822.
6
What is the highest common factor of 279 and 79274967?
93
Calculate the highest common factor of 2448 and 19016496.
144
Calculate the greatest common divisor of 112 and 2477344.
16
Calculate the greatest common factor of 135 and 41803749.
27
What is the greatest common factor of 43280 and 43523450?
5410
What is the greatest common factor of 206564 and 48251?
113
What is the highest common divisor of 106777306 and 21854?
446
Calculate the greatest common divisor of 2460121 and 3995.
799
What is the highest common factor of 5639570 and 27350?
5470
What is the greatest common divisor of 26574 and 16377?
309
Calculate the greatest common factor of 395031 and 68542943.
10129
What is the highest common divisor of 61 and 915383?
1
Calculate the highest common divisor of 1062 and 5476806.
18
Calculate the highest common factor of 221066539 and 19.
19
What is the highest common divisor of 46 and 263583289?
23
What is the highest common factor of 11 and 116506687?
11
What is the highest common factor of 105012 and 11682?
18
Calculate the highest common factor of 545832 and 2079.
189
Calculate the highest common factor of 3814980 and 5460.
780
What is the highest common divisor of 1000 and 5698900?
100
Calculate the highest common factor of 11 and 7120102.
11
What is the highest common divisor of 4619065 and 66?
11
Calculate the highest common divisor of 380 and 464396860.
380
What is the greatest common factor of 120 and 78396810?
30
Calculate the highest common divisor of 370345430 and 147.
49
Calculate the greatest common divisor of 7992 and 569952.
72
Calculate the highest common factor of 6 and 765546.
6
Calculate the highest common factor of 21683487 and 462.
21
What is the highest common factor of 5887966 and 28?
14
Calculate the highest common divisor of 6692 and 49866872.
956
What is the highest common divisor of 298 and 7187611?
149
Calculate the highest common factor of 1716 and 5799508.
572
What is the greatest common factor of 293144 and 21256?
8
Calculate the highest common divisor of 89817589 and 251.
251
Calculate the greatest common factor of 330 and 1555136.
22
What is the highest common factor of 5664722 and 1974?
658
Calculate the greatest common factor of 177 and 40801332.
177
Calculate the highest common divisor of 230880 and 163488.
1248
Calculate the greatest common divisor of 76 and 5056.
4
What is the highest common factor of 7308 and 180243?
63
Calculate the highest common factor of 29849834 and 14.
14
Calculate the highest common divisor of 38719731 and 9.
3
What is the greatest common factor of 1890 and 1870470?
630
What is the greatest common factor of 30616444 and 4676?
668
Calculate the greatest common divisor of 33304872 and 24.
24
What is the highest common divisor of 7413 and 4261063?
353
What is the greatest common divisor of 10673 and 179491?
13
What is the greatest common factor of 495424188 and 20496?
5124
What is the highest common divisor of 673856 and 8992?
32
Calculate the greatest common factor of 117124 and 62300.
2492
What is the highest common factor of 72876368 and 16?
16
Calculate the greatest common factor of 159698 and 86071.
1037
What is the highest common factor of 37014 and 172236?
186
Calculate the highest common divisor of 2342872554 and 2046.
2046
What is the highest common divisor of 14525 and 4525409?
581
What is the greatest common factor of 450 and 81928998?
18
Calculate the greatest common divisor of 27 and 760401.
27
What is the highest common divisor of 1048702576 and 43?
43
What is the greatest common factor of 34740 and 158196310?
1930
What is the greatest common divisor of 66280 and 1892294?
3314
Calculate the highest common factor of 368804 and 14248.
548
Calculate the greatest common factor of 1267500 and 2856438.
1014
What is the highest common factor of 76 and 1573365604?
76
Calculate the highest common factor of 8172 and 78200592.
2724
What is the highest common factor of 16995 and 770781?
33
Calculate the greatest common divisor of 436 and 50728.
4
What is the greatest common divisor of 6720 and 95340?
420
What is the greatest common divisor of 49760763 and 52?
13
What is the highest common factor of 99603 and 81516267?
5859
Calculate the highest common factor of 4704 